- 8*k - 9. Let q be t(-7). Let u be x(q). What is the greatest common factor of 84 and u?
12
Let g = 66 + -66. Suppose -3*f = -5*a + 51, g*a + 2*f + 6 = a. Calculate the greatest common factor of 12 and a.
12
Let n = -190 + 202. Calculate the highest common divisor of 192 and n.
12
Let z = 618 + -373. What is the greatest common divisor of 5 and z?
5
Suppose -5*d + 260 = c + 3*c, -d + 41 = 3*c. Let x = 8 - 1. Calculate the greatest common factor of d and x.
7
Let b(u) = 2*u**2 + 2*u - 2. Let g be b(3). Calculate the greatest common factor of 2090 and g.
22
Suppose 4*p - 5 = 3*p. Suppose -2*s + p*s - 21 = 0. Suppose -2*a + 23 = -s. Calculate the highest common factor of 60 and a.
15
Suppose 4*x - 2*x = 6. Suppose -x*m - p = -55, 0*m + p - 17 = -m. What is the highest common divisor of m and 171?
19
Let c be ((-10)/3)/(3 + (-46)/12). What is the greatest common divisor of c and 244?
4
Suppose 2*r - 2410 = 4*j, 7*j - 2*j + 2993 = -4*r. Let z = -377 - j. What is the greatest common factor of 32 and z?
32
Let m = -772 + 834. What is the highest common divisor of 1798 and m?
62
Let g be (4/14 - (-1314)/56)*8. Calculate the greatest common divisor of 38 and g.
38
Let h = 4 - 2. Suppose 0 = r + h. Let w be (r/(-3))/(7/210). Calculate the highest common factor of w and 30.
10
Let y(l) = 967*l + 140. Let q be y(1). Calculate the highest common factor of q and 27.
27
Let i = -11 - -12. Suppose g - 2 = i. Suppose 12*m + 8*m - 480 = 0. Calculate the highest common divisor of g and m.
3
Suppose -233 = -14*d + 47. Calculate the highest common factor of 44 and d.
4
Let a(z) = z**3 + 13*z**2 + 4. Let d be a(-13). Suppose 0 = d*c - c - 588. What is the greatest common factor of 28 and c?
28
Let l(q) = 4*q**2 - 11*q - 21. Let r be l(6). Calculate the highest common factor of r and 76.
19
Let k(j) = 15*j**2 - 11*j. Let t be k(-2). Suppose -134 = -4*r + 2*l, -3*r + l + t = -16. Calculate the highest common factor of 31 and r.
31
Let z = -14 + 38. Let w(u) = u + 2. Let x be (2/7)/(3/21) + 2. Let o be w(x). Calculate the greatest common divisor of o and z.
6
Let g = 26 - 26. Suppose 5*m + g*m - 80 = 0. Calculate the highest common factor of m and 4.
4
Suppose 0 = w - 8 + 11. Let y be 5/((-105)/w) - (-354)/21. Let b = 31 - 14. Calculate the highest common factor of y and b.
17
Suppose 0 = 2*k, 7*v - k - 96 = 3*v. Let t = -21 + v. Let p be -2 + -1 + t + 128. What is the highest common factor of 16 and p?
16
Let x be (-400)/(-8) - (-2 - 2). What is the greatest common divisor of 90 and x?
18
Let u = -67 - -121. Suppose 4*l = -u + 254. What is the greatest common factor of l and 25?
25
Let k(u) = -u + 1. Let x(c) = 7*c - 15. Let m(w) = 4*k(w) + x(w). Let f be m(6). Let i = 147 + -98. Calculate the highest common factor of f and i.
7
Suppose -5254 = -3*m - 4*g, 1742 = m + g - 9. What is the highest common factor of m and 35?
35
Let h(i) = 2*i**2. Suppose 0 = -2*x - 2 - 26. Let b(a) = -a - 16. Let c be b(x). Let p be h(c). What is the greatest common factor of p and 12?
4
Let s be 2*(-3 - (2 + 6)/(-2)). Suppose -4*j = 3*c - 204, s*c - 2*j - 25 = 125. What is the highest common factor of c and 8?
8
Let j be 1 - (1 + 0) - -90. Suppose -p = 2, f + 2 = -2*f + 2*p. Let n be ((-9)/f)/(12/24). What is the greatest common factor of n and j?
9
Suppose 0 = -16*g - 8*g + 672. Suppose 40 = 3*a - u, 4 = -4*u + 3*u. Let d = a + 58. Calculate the greatest common factor of d and g.
14
Suppose 2812 = -18*p + 55*p. What is the highest common factor of 171 and p?
19
Let t(a) = 9*a - 23. Let y be t(7). What is the greatest common divisor of y and 320?
40
Let q be (63/(-35) + 1)*-5. What is the highest common divisor of 4 and q?
4
Suppose 108*n = 113*n - 650. What is the greatest common divisor of n and 30?
10
Let b(q) = q**2 + 22*q - 60. Let d be b(-25). What is the highest common factor of 60 and d?
15
Let z = 355 - 354. What is the highest common divisor of z and 179?
1
Let p = 324 + -301. What is the greatest common divisor of p and 1081?
23
Suppose -1 = k, -5*k = -2*m + 33 - 4. Suppose -4*h + m*h = 112. Let g(v) = 2*v**2 + v - 1. Let f be g(-3). Calculate the highest common divisor of h and f.
14
Let d = -50 + 33. Let a = 29 + d. Calculate the highest common factor of 36 and a.
12
Let a(w) = w**2 - 24*w - 54. Let l be a(27). Suppose -4*v + 6*v - 6 = 0. What is the greatest common factor of l and v?
3
Let v = -685 + 880. What is the highest common divisor of 78 and v?
39
Let k = 439 - 270. Calculate the highest common factor of 39 and k.
13
Let s = -181 + 172. Let m be ((2 - s/(-6))*240)/1. Calculate the greatest common factor of 40 and m.
40
Let s be 11/((-77)/4) - 568/(-14). Let l(d) = -d**2 - 8*d - 7. Let z be l(-6). Calculate the greatest common factor of s and z.
5
Let b be (-7 - (-270)/38) + (-518)/(-133). Suppose 5*j + 4*p = -15, p + 7 = 5*j - 3. Let t = 3 - j. What is the highest common factor of b and t?
2
Let y be 1/(-2)*(-3 - 19). Suppose 2*m = -3*z + 161, 3*z + 191 = -0*m + 2*m. What is the highest common factor of y and m?
11
Let d = 160 + 136. Calculate the greatest common factor of 37 and d.
37
Suppose -10*i = -2*i - 80. Suppose 0 = -5*p - 79 + 304. What is the highest common divisor of i and p?
5
Suppose a - 3*n = -3*a, -a + 5*n + 17 = 0. Let j be ((-180)/25)/(a/40). Calculate the highest common divisor of j and 64.
32
Let j = -37 + 45. Let g = 23 - j. What is the highest common factor of 45 and g?
15
Suppose -4*j + 3*j + y = -143, -5*y = 5*j - 725. Suppose 4*k - 16 = 48. What is the greatest common factor of k and j?
16
Suppose 0 = -24*i + 773 + 5827. Calculate the highest common factor of 25 and i.
25
Suppose 143 = i + 19. Let u(c) = -2*c**2 + 25*c - 68. Let v be u(8). Let w be ((-6)/v)/((-3)/i). Calculate the highest common factor of w and 31.
31
Let w = 16 - 10. Suppose 3*d + 2*z = -0*d + 66, -z - 110 = -5*d. Suppose 0*a - l = -3*a + d, -2*l - 8 = 0. What is the greatest common factor of w and a?
6
Let o = -63 + 68. Suppose n + 0*c - 24 = 2*c, -o*c = 4*n - 122. Calculate the highest common divisor of 140 and n.
28
Let s = 3 + 4. Let b(a) = -a**3 - 5*a**2 + 7*a. Let t be b(-7). Calculate the highest common divisor of t and s.
7
Suppose -4*n + 2*n - 30 = 0. Let m be 3/(-2)*310/n. Calculate the highest common factor of 31 and m.
31
Suppose -4*f + f + 1 = 5*k, -4*k + 5*f + 23 = 0. Suppose 0 = 2*w - n, -6*w + 6 = -k*w + n. Calculate the greatest common divisor of 5 and w.
1
Let d(v) = v**2 - 1 - 3*v - 2*v**3 + 2*v**2 - 5*v**2. Let j be d(-2). Suppose 12*s - 16*s = -260. What is the highest common divisor of j and s?
13
Let r(l) = 6*l - 19. Let s be r(24). Suppose k + 5*t - 35 = 0, -k - 3*t + 0*t + 41 = 0. Calculate the highest common factor of s and k.
25
Let m be 2 + 51/12 - 17/68. What is the highest common divisor of m and 2?
2
Let o(d) = -d**3 - d**2 - d + 11. Let v be o(0). Suppose 0 = 6*y - 4*y - 8. Suppose 3*r = -r + y. What is the highest common divisor of r and v?
1
Suppose -3*y - f - 8 + 19 = 0, 0 = 3*y + 3*f - 3. Calculate the greatest common factor of 4 and y.
1
Let y(d) = -d**2 - 16*d - 8. Let q be y(-7). Let n = q + -79. Let v = n + 26. Calculate the highest common divisor of 14 and v.
2
Let a = 10 - 7. Let k(v) = -v**2 - 14*v - 30. Let t be k(-11). What is the greatest common divisor of t and a?
3
Let o(v) = -17 + 26 + v - 6*v. Let q be o(-5). Let m = q + -20. What is the greatest common divisor of m and 14?
14
Let b = -39 + 347. Calculate the highest common factor of b and 33.
11
Let o(p) = -4*p + 4. Let n be o(-6). Let b be 40/(-6)*-21*1. What is the greatest common divisor of b and n?
28
Suppose -12*s = 17 - 257. Calculate the highest common factor of s and 580.
20
Let b(s) = 6*s + 9*s + 3*s - 30. Let v be b(11). Calculate the highest common divisor of v and 21.
21
Suppose -3*m + 3*b + 102 = -123, -m = 3*b - 87. What is the greatest common divisor of m and 12?
6
Let o = 3 + -7. Let y be 56/o*2/(-4). Suppose 4*w - y*w + 12 = 0. Calculate the highest common divisor of 36 and w.
4
Suppose 0 = 3*d - 4*d + 8. Suppose -5*f = -49 - 111. Calculate the highest common factor of f and d.
8
Let m(a) = 1. Let y(i) = -i - 6. Let k(f) = 2*m(f) - y(f). Let w be k(-12). Let j be (w/(-6))/(2/27). Calculate the highest common factor of j and 90.
9
Let l = -5 + 1. Let b 